sor of 48 and j?
16
Suppose -3*b = -6*b + 972. Calculate the highest common factor of 36 and b.
36
Suppose -5*f = 3*v - 143, 0 = 5*v + 5*f - 126 - 109. What is the highest common divisor of 69 and v?
23
Suppose 10*h = 9*h + 3. Calculate the highest common divisor of 15 and h.
3
Let z = 175 + -77. Suppose -6*c + 60 = -10*c. Let h = c - -29. What is the greatest common factor of h and z?
14
Let g = 0 - -27. Let y be 105/4 - (-6)/8. Calculate the greatest common factor of g and y.
27
Let c(o) be the first derivative of -o**4/4 - 2*o**3 - 3*o**2 - 6*o + 2. Let p be c(-5). Let h be p/4 - 61/(-4). What is the greatest common divisor of 3 and h?
3
Let u be (4/8)/(0 + (-1)/(-24)). What is the highest common divisor of 3 and u?
3
Suppose 2*s = -3*s + 45. Let t be -3 + (-3)/(0 + (-2)/6). Calculate the highest common divisor of t and s.
3
Let l = -35 - -45. What is the greatest common divisor of 30 and l?
10
Let l be (7 + -2)/(4 + -3). What is the highest common factor of 4 and l?
1
Suppose -3*z + 2*z = 4*s - 7, 13 = 3*z + 4*s. Suppose 5*x = -3*j + 259, j - 161 = -z*x + 2*j. Let d = -38 + x. What is the greatest common divisor of 6 and d?
3
Suppose -82 - 23 = 5*r. Let n be (-12)/(-4) + -6 - r. What is the highest common divisor of 6 and n?
6
Suppose -2*s + 5 = 3*s. Suppose -3*o = 2 - 20. Let n be (-2 + (-24)/(-9))*o. Calculate the greatest common factor of s and n.
1
Suppose -15*o = -17*o + 36. Let s = 14 - -31. What is the greatest common factor of o and s?
9
Let u be 4*15/20 - 1. Calculate the highest common divisor of 10 and u.
2
Let l(p) = -2*p**3 + 4 + p**3 + p**2 - 3*p - 1 + 4*p**2. Suppose 0*k - 6 = -2*k. Let q be l(k). What is the highest common divisor of q and 18?
6
Suppose -3*c + 50 = 5*f, 2*c - 2 = -2*f + 26. Let b(d) = 70*d. Let q be b(1). What is the highest common divisor of q and c?
10
Let c be 1/1*(0 - -80). What is the highest common divisor of 60 and c?
20
Let d be 6/((-10)/5 + 3/1). Calculate the highest common factor of d and 6.
6
Let b = -9 + 14. Let p(w) = w**3 - 4*w**2 - 5*w + 7. Let d be p(b). Suppose 3*h - d*h + 120 = 0. Calculate the highest common divisor of h and 6.
6
Let t = 7 - 1. Calculate the highest common divisor of 2 and t.
2
Suppose 0 = -4*z + 2*k + 10, 3*z + k = 3*k + 10. Let x be (-216)/(-2) - z/2. Let b be 45/(-3)*8/(-10). What is the highest common divisor of b and x?
12
Let b = 16 - 12. Suppose -330 = -b*j + j. What is the highest common factor of j and 22?
22
Suppose 0 = 35*k - 31*k - 100. What is the greatest common factor of k and 25?
25
Suppose -1 = d + 4, -2*d + 35 = 5*p. Suppose 2*y - p - 7 = 0. Calculate the greatest common divisor of y and 24.
8
Let l(w) = -10*w**3 + 2*w - 1. Let o be l(1). Suppose -4*h = -3 + 11. Let x be h/(-3) + (-1065)/o. Calculate the greatest common factor of x and 17.
17
Let t be (-3 - 1416/(-4)) + 0. Calculate the greatest common divisor of t and 39.
39
Suppose -2*c - 9 = -77. Calculate the greatest common factor of 272 and c.
34
Let b be ((-80)/(-15))/((-6)/(-27)). Suppose 2*j - 12 = 12. Calculate the greatest common factor of b and j.
12
Let h(w) = w**3 - 6*w**2 - 4*w - 5. Let m be h(8). What is the greatest common factor of 13 and m?
13
Let m be (21 - 18) + 2 + 59 + -1. What is the greatest common factor of m and 14?
7
Let g(u) = 2*u**2 + 8*u - 4. Let f be g(-6). Let s = -53 + 58. What is the highest common factor of f and s?
5
Let d be ((-7)/2)/(3/(-66)). Suppose -5*f + 6 - 1 = 0. Let s be 2 - f - 0 - -10. Calculate the highest common divisor of s and d.
11
Let t be (-4)/(-14) + 141/21. Calculate the greatest common factor of t and 7.
7
Let k(d) = 6*d**2 - 4*d - 1. Let m be k(2). What is the highest common divisor of m and 15?
15
Let s be (0 - -4 - 19)*-1. Calculate the greatest common divisor of 75 and s.
15
Suppose -c + 60 = 2*c. Let x = 0 - 18. Let h = -10 - x. What is the greatest common factor of h and c?
4
Let o = 232 + -214. Suppose c = 3, -5*n - 2*c - 3*c = -285. What is the greatest common divisor of n and o?
18
Let t = -18 - -31. Suppose c = -v, 2*v = -v - 2*c + 4. Suppose v*m + 229 = 645. What is the greatest common factor of m and t?
13
Let u = 12 + -2. Let h be (-8)/(-10)*(-10)/(-4). Suppose h*x + 17 = n, -5*n - 2*x = -x - 74. What is the greatest common factor of n and u?
5
Let c be 28 - 2 - (-11 + 6). What is the greatest common divisor of c and 279?
31
Let q(i) = -16*i + 4 + 14*i - 19*i. Let c be q(-4). Let t = 193 - c. Calculate the highest common divisor of 15 and t.
15
Let f = 41 + -28. Let r(w) = -30*w - 7. Let u be r(-5). What is the highest common divisor of u and f?
13
Suppose 0*u - 223 = -2*u - 5*c, -3*c + 9 = 0. Suppose -18*a = -2*a - 208. What is the highest common divisor of a and u?
13
Let x be (0 - -2) + (2 - -3). Let l(q) = q**3 + 5*q**2 - 3*q - 1. Let i be l(-5). Suppose -2*n + i = -42. Calculate the highest common factor of n and x.
7
Let u(t) = -t + 6. Let z be u(4). Let i = -1 + z. Let h(x) = 76*x**3 - 2*x**2 + 2*x - 1. Let m be h(i). What is the greatest common divisor of m and 30?
15
Let o be 2*26/(-1 + 3). Let b be (20/6)/((-8)/(-156)). Calculate the highest common divisor of b and o.
13
Let a = 282 + -255. Let g(s) = 2*s**3 - s**2 + 1. Let m be g(1). Suppose m*n + 5 = 41. Calculate the highest common factor of n and a.
9
Suppose 2*b = -b + 516. Let a = b + -108. Calculate the highest common divisor of a and 8.
8
Let f(j) be the second derivative of -j**5/20 + 2*j**3/3 - 2*j**2 + 7*j. Let c be f(-4). Calculate the highest common factor of 4 and c.
4
Let g(n) = -4*n - 4. Let u be g(-4). Calculate the highest common factor of 4 and u.
4
Let i = 25 - -65. What is the highest common divisor of i and 30?
30
Let j be 9/6*1*-2. Let q = 2 - j. Calculate the greatest common divisor of q and 25.
5
Let l = -49 + 75. Let b = 51 - -14. Calculate the highest common factor of l and b.
13
Let n(v) be the second derivative of v**4/3 - v**3/2 - 3*v**2/2 - 2*v. Let l be n(-3). What is the greatest common divisor of 28 and l?
14
Let g = 1 - -3. What is the highest common divisor of 44 and g?
4
Suppose -3*a = -11*a + 192. Calculate the greatest common divisor of 60 and a.
12
Let q = 14 - 8. What is the greatest common factor of 12 and q?
6
Let r(m) = m**3 - 11*m**2 - 15*m - 2. Let o be r(13). Calculate the highest common factor of 47 and o.
47
Let k = -37 + 54. What is the highest common factor of k and 51?
17
Let h be ((-2)/(-6))/(1/(-3)). Let m be h/(-2)*(-5 + 15). What is the highest common divisor of 25 and m?
5
Let m(k) = 16*k - 4. Let s be m(7). What is the greatest common factor of 36 and s?
36
Let f(n) = -n - 4. Let t be f(-6). Suppose 72 = -t*x + 6*x. Suppose -x + 50 = 2*b. Calculate the greatest common divisor of 144 and b.
16
Let p be (-1 - -3 - 18)/1. Let k = p + 31. Calculate the highest common divisor of 15 and k.
15
Suppose -7*h + 210 = -4*h. Suppose 5*b - 4 = w - 66, 0 = w + 5*b - 22. Suppose 4*u - 5 = -13, -4*u + w = 5*i. Calculate the greatest common factor of i and h.
10
Suppose 4*j = 5*h - 74, -4*h + 4*j = -36 - 24. Calculate the highest common divisor of h and 14.
14
Let u = -34 + 50. Let x be u/6*6/4. Let p be (1*-4)/(3/(-12)). What is the greatest common divisor of p and x?
4
Suppose 7*m - 1 = 97. Calculate the highest common divisor of m and 98.
14
Let k be 3 - 0 - -1*(2 + 3). Let j = 52 - -12. What is the greatest common divisor of k and j?
8
Let w(g) = g**2 - 7*g + 5. Let r be w(8). Suppose -2*n = -4*n. Suppose r = q - n. Calculate the greatest common factor of q and 104.
13
Let k = -7 - -12. Suppose 0 = -o + 2*o - 40. What is the greatest common divisor of k and o?
5
Let v(m) = 6*m**2 + 3*m + 2. Let w be v(-2). Suppose -4*n + 25 + 7 = 0. What is the greatest common factor of n and w?
4
Let l = 155 - -61. What is the greatest common factor of 27 and l?
27
Let d(g) = 2*g**2. Let z be d(-1). Suppose 29 = 3*s + z*l, -s - 2*l + 15 = -0*s. What is the greatest common factor of s and 28?
7
Suppose 0 = -3*v - 3*w + 123, -6*v + v + 3*w + 197 = 0. Calculate the highest common factor of 60 and v.
20
Let p(d) = d**3 - 6*d**2 + 4*d + 4. Let r be p(6). What is the highest common factor of r and 112?
28
Suppose 4 + 5 = 3*d. Let q = 5 + -2. What is the highest common factor of d and q?
3
Let t = 34 - 27. Calculate the greatest common divisor of 